{"id":1105,"date":"2025-04-06T09:29:42","date_gmt":"2025-04-06T09:29:42","guid":{"rendered":"https:\/\/seelenmeditation.com\/?page_id=1105"},"modified":"2025-09-04T22:46:59","modified_gmt":"2025-09-04T22:46:59","slug":"gesundheit","status":"publish","type":"page","link":"https:\/\/gesund-aesthetisch.de\/?page_id=1105","title":{"rendered":"Gesundheit"},"content":{"rendered":"\t\t<div data-elementor-type=\"wp-page\" data-elementor-id=\"1105\" class=\"elementor elementor-1105\">\n\t\t\t\t<div class=\"elementor-element elementor-element-563a65b e-flex e-con-boxed wpr-particle-no wpr-jarallax-no wpr-parallax-no wpr-sticky-section-no e-con e-parent\" data-id=\"563a65b\" data-element_type=\"container\">\n\t\t\t\t\t<div class=\"e-con-inner\">\n\t\t<div class=\"elementor-element elementor-element-e04a4b1 e-con-full e-flex wpr-particle-no wpr-jarallax-no wpr-parallax-no wpr-sticky-section-no elementor-invisible e-con e-child\" data-id=\"e04a4b1\" data-element_type=\"container\" data-settings=\"{&quot;animation&quot;:&quot;slideInRight&quot;}\">\n\t\t\t\t<div class=\"elementor-element elementor-element-8c4b078 elementor-widget elementor-widget-heading\" data-id=\"8c4b078\" data-element_type=\"widget\" data-widget_type=\"heading.default\">\n\t\t\t\t<div class=\"elementor-widget-container\">\n\t\t\t\t\t<h2 class=\"elementor-heading-title elementor-size-default\">Angebote und Preise<\/h2>\t\t\t\t<\/div>\n\t\t\t\t<\/div>\n\t\t\t\t<div class=\"elementor-element elementor-element-0fef98b wpr-feature-list-left wpr-feature-list-square wpr-feature-list-line-yes elementor-widget elementor-widget-wpr-feature-list\" data-id=\"0fef98b\" data-element_type=\"widget\" data-widget_type=\"wpr-feature-list.default\">\n\t\t\t\t<div class=\"elementor-widget-container\">\n\t\t\t\t\t<div class=\"wpr-feature-list-wrap\"><ul class=\"wpr-feature-list\"><li class=\"wpr-feature-list-item elementor-repeater-item-ba8c68b\"><div class=\"wpr-feature-list-icon-wrap\"><span class=\"wpr-feature-list-line\"><\/span><div class=\"wpr-feature-list-icon-inner-wrap\"><i aria-hidden=\"true\" class=\"fas fa-rocket\"><\/i><\/div><\/div><div class=\"wpr-feature-list-content-wrap\"><h2 class=\"wpr-feature-list-title\"><a class=\"wpr-feature-list-url\" target=\"_blank\" rel=\"nofollow\">Biofilmausleitung<\/a><\/h2><p class=\"wpr-feature-list-description\"><\/p><\/div><\/li><li class=\"wpr-feature-list-item elementor-repeater-item-3627a50\"><div class=\"wpr-feature-list-icon-wrap\"><span class=\"wpr-feature-list-line\"><\/span><div class=\"wpr-feature-list-icon-inner-wrap\"><i aria-hidden=\"true\" class=\"far fa-flag\"><\/i><\/div><\/div><div class=\"wpr-feature-list-content-wrap\"><h2 class=\"wpr-feature-list-title\"><a class=\"wpr-feature-list-url\" target=\"_blank\" rel=\"nofollow\">Darmsanierung<\/a><\/h2><p class=\"wpr-feature-list-description\"><\/p><\/div><\/li><li class=\"wpr-feature-list-item elementor-repeater-item-d6268b1\"><div class=\"wpr-feature-list-icon-wrap\"><span class=\"wpr-feature-list-line\"><\/span><div class=\"wpr-feature-list-icon-inner-wrap\"><i aria-hidden=\"true\" class=\"fas fa-star\"><\/i><\/div><\/div><div class=\"wpr-feature-list-content-wrap\"><h2 class=\"wpr-feature-list-title\"><a class=\"wpr-feature-list-url\" target=\"_blank\" rel=\"nofollow\">Individueller Ern\u00e4hrungsplan<\/a><\/h2><p class=\"wpr-feature-list-description\">Abgestimmter Ern\u00e4hrungsplan auf die individuelle Gesundheit unter Ber\u00fccksichtigung von Vorlieben<\/p><\/div><\/li><li class=\"wpr-feature-list-item elementor-repeater-item-dae4aca\"><div class=\"wpr-feature-list-icon-wrap\"><span class=\"wpr-feature-list-line\"><\/span><div class=\"wpr-feature-list-icon-inner-wrap\"><i aria-hidden=\"true\" class=\"fas fa-grip-lines-vertical\"><\/i><\/div><\/div><div class=\"wpr-feature-list-content-wrap\"><h2 class=\"wpr-feature-list-title\"><a class=\"wpr-feature-list-url\" target=\"_blank\" rel=\"nofollow\">Systemische Aufstellung<\/a><\/h2><p class=\"wpr-feature-list-description\"><\/p><\/div><\/li><li class=\"wpr-feature-list-item elementor-repeater-item-160ebdf\"><div class=\"wpr-feature-list-icon-wrap\"><span class=\"wpr-feature-list-line\"><\/span><div class=\"wpr-feature-list-icon-inner-wrap\"><i aria-hidden=\"true\" class=\"fas fa-paint-brush\"><\/i><\/div><\/div><div class=\"wpr-feature-list-content-wrap\"><h2 class=\"wpr-feature-list-title\"><a class=\"wpr-feature-list-url\" target=\"_blank\" rel=\"nofollow\">Kinesiologie<\/a><\/h2><p class=\"wpr-feature-list-description\"><\/p><\/div><\/li><li class=\"wpr-feature-list-item elementor-repeater-item-1677cfb\"><div class=\"wpr-feature-list-icon-wrap\"><span class=\"wpr-feature-list-line\"><\/span><div class=\"wpr-feature-list-icon-inner-wrap\"><i aria-hidden=\"true\" class=\"fas fa-star\"><\/i><\/div><\/div><div class=\"wpr-feature-list-content-wrap\"><h2 class=\"wpr-feature-list-title\"><a class=\"wpr-feature-list-url\" target=\"_blank\" rel=\"nofollow\">Emotionale Prozessbegleitung<\/a><\/h2><p class=\"wpr-feature-list-description\"><\/p><\/div><\/li><\/ul><\/div>\t\t\t\t<\/div>\n\t\t\t\t<\/div>\n\t\t\t\t<div class=\"elementor-element elementor-element-27f2893 elementor-widget elementor-widget-n-accordion\" data-id=\"27f2893\" data-element_type=\"widget\" data-settings=\"{&quot;default_state&quot;:&quot;expanded&quot;,&quot;max_items_expended&quot;:&quot;one&quot;,&quot;n_accordion_animation_duration&quot;:{&quot;unit&quot;:&quot;ms&quot;,&quot;size&quot;:400,&quot;sizes&quot;:[]}}\" data-widget_type=\"nested-accordion.default\">\n\t\t\t\t<div class=\"elementor-widget-container\">\n\t\t\t\t\t\t\t<div class=\"e-n-accordion\" aria-label=\"Accordion. Open links with Enter or Space, close with Escape, and navigate with Arrow Keys\">\n\t\t\t\t\t\t<details id=\"e-n-accordion-item-4180\" class=\"e-n-accordion-item\" open>\n\t\t\t\t<summary class=\"e-n-accordion-item-title\" data-accordion-index=\"1\" tabindex=\"0\" aria-expanded=\"true\" aria-controls=\"e-n-accordion-item-4180\" >\n\t\t\t\t\t<span class='e-n-accordion-item-title-header'><div class=\"e-n-accordion-item-title-text\"> Dunkelfeldmikroskopie <\/div><\/span>\n\t\t\t\t\t\t\t<span class='e-n-accordion-item-title-icon'>\n\t\t\t<span class='e-opened' ><svg aria-hidden=\"true\" class=\"e-font-icon-svg e-fas-minus\" viewBox=\"0 0 448 512\" xmlns=\"http:\/\/www.w3.org\/2000\/svg\"><path d=\"M416 208H32c-17.67 0-32 14.33-32 32v32c0 17.67 14.33 32 32 32h384c17.67 0 32-14.33 32-32v-32c0-17.67-14.33-32-32-32z\"><\/path><\/svg><\/span>\n\t\t\t<span class='e-closed'><svg aria-hidden=\"true\" class=\"e-font-icon-svg e-fas-plus\" viewBox=\"0 0 448 512\" xmlns=\"http:\/\/www.w3.org\/2000\/svg\"><path d=\"M416 208H272V64c0-17.67-14.33-32-32-32h-32c-17.67 0-32 14.33-32 32v144H32c-17.67 0-32 14.33-32 32v32c0 17.67 14.33 32 32 32h144v144c0 17.67 14.33 32 32 32h32c17.67 0 32-14.33 32-32V304h144c17.67 0 32-14.33 32-32v-32c0-17.67-14.33-32-32-32z\"><\/path><\/svg><\/span>\n\t\t<\/span>\n\n\t\t\t\t\t\t<\/summary>\n\t\t\t\t<div role=\"region\" aria-labelledby=\"e-n-accordion-item-4180\" class=\"elementor-element elementor-element-3f10412 e-con-full e-flex wpr-particle-no wpr-jarallax-no wpr-parallax-no wpr-sticky-section-no e-con e-child\" data-id=\"3f10412\" data-element_type=\"container\">\n\t\t\t\t<div class=\"elementor-element elementor-element-5ad8268 wpr-price-list-old-position-before elementor-widget elementor-widget-wpr-price-list\" data-id=\"5ad8268\" data-element_type=\"widget\" data-widget_type=\"wpr-price-list.default\">\n\t\t\t\t<div class=\"elementor-widget-container\">\n\t\t\t\t\t\n\t\t<div class=\"wpr-price-list\">\n\t\t\t\n\t\t\t\n\t\t\t\t<div class=\"wpr-price-list-item elementor-repeater-item-83afd15 elementor-clearfix\">\n\t\t\t\t\t\t\t\n\t\t\t\t\n\t\t\t\t\t<div class=\"wpr-price-list-content\">\n\t\t\t\t\t\t\n\t\t\t\t\t\t<div class=\"wpr-price-list-heading\">\n\t\t\t\t\t\t\t\n\t\t\t\t\t\t\t\t\t\t\t\t\t\t\t\n\t\t\t\t\t\t\t<span class=\"wpr-price-list-title\">Erstanamnese und Analyse<\/span>\t\t\t\t\t\t\t\n\t\t\t\t\t\t\t\t\t\t\t\t\t\t\n\t\t\t\t\t\t\t\t\t\t\t\t\t\n\t\t\t\t\t\t\t\t<span class=\"wpr-price-list-separator\"><\/span>\n\t\t\t\t\t\t\t\n\t\t\t\t\t\t\t\t\t\t\t\t\t\t\t<span class=\"wpr-price-list-price-wrap\">\n\t\t\t\t\t\t\t\t\t\t\n\t\t\t\t\t\t\t\t\t<span class=\"wpr-price-list-price\">\u20ac150<\/span>\n\t\t\t\t\t\t\t\t\t\n\t\t\t\t\t\t\t\t\t\t\t\t\t\t\t\t\t<\/span>\n\t\t\t\t\t\t\t\n\t\t\t\t\t\t<\/div>\n\t\t\t\t\t\t\n\t\t\t\t\t\t\t\t\t\t\t\t\t<div class=\"wpr-price-list-description\">60 Min. <\/div>\n\t\t\t\t\t\t\t\t\t\t\t<\/div>\n\n\t\t\t\t<\/div>\n\n\t\t\t\t\n\t\t\t\t<div class=\"wpr-price-list-item elementor-repeater-item-d700a6c elementor-clearfix\">\n\t\t\t\t\t\t\t\n\t\t\t\t\n\t\t\t\t\t<div class=\"wpr-price-list-content\">\n\t\t\t\t\t\t\n\t\t\t\t\t\t<div class=\"wpr-price-list-heading\">\n\t\t\t\t\t\t\t\n\t\t\t\t\t\t\t\t\t\t\t\t\t\t\t\n\t\t\t\t\t\t\t<span class=\"wpr-price-list-title\">Therapieplan<\/span>\t\t\t\t\t\t\t\n\t\t\t\t\t\t\t\t\t\t\t\t\t\t\n\t\t\t\t\t\t\t\t\t\t\t\t\t\n\t\t\t\t\t\t\t\t<span class=\"wpr-price-list-separator\"><\/span>\n\t\t\t\t\t\t\t\n\t\t\t\t\t\t\t\t\t\t\t\t\t\t\t<span class=\"wpr-price-list-price-wrap\">\n\t\t\t\t\t\t\t\t\t\t\n\t\t\t\t\t\t\t\t\t<span class=\"wpr-price-list-price\">\u20ac180<\/span>\n\t\t\t\t\t\t\t\t\t\n\t\t\t\t\t\t\t\t\t\t\t\t\t\t\t\t\t<\/span>\n\t\t\t\t\t\t\t\n\t\t\t\t\t\t<\/div>\n\t\t\t\t\t\t\n\t\t\t\t\t\t\t\t\t\t\t\t\t<div class=\"wpr-price-list-description\">Individueller Ern\u00e4hrungsplan, Integrierte orthomolekulare Therapie, Mikron\u00e4hrstoffe<\/div>\n\t\t\t\t\t\t\t\t\t\t\t<\/div>\n\n\t\t\t\t<\/div>\n\n\t\t\t\t\n\t\t\t\t<div class=\"wpr-price-list-item elementor-repeater-item-a423bb5 elementor-clearfix\">\n\t\t\t\t\t\t\t\n\t\t\t\t\n\t\t\t\t\t<div class=\"wpr-price-list-content\">\n\t\t\t\t\t\t\n\t\t\t\t\t\t<div class=\"wpr-price-list-heading\">\n\t\t\t\t\t\t\t\n\t\t\t\t\t\t\t\t\t\t\t\t\t\t\t\n\t\t\t\t\t\t\t<span class=\"wpr-price-list-title\">Begleitung<\/span>\t\t\t\t\t\t\t\n\t\t\t\t\t\t\t\t\t\t\t\t\t\t\n\t\t\t\t\t\t\t\t\t\t\t\t\t\n\t\t\t\t\t\t\t\t<span class=\"wpr-price-list-separator\"><\/span>\n\t\t\t\t\t\t\t\n\t\t\t\t\t\t\t\t\t\t\t\t\t\t\t<span class=\"wpr-price-list-price-wrap\">\n\t\t\t\t\t\t\t\t\t\t\n\t\t\t\t\t\t\t\t\t<span class=\"wpr-price-list-price\">\u20ac200<\/span>\n\t\t\t\t\t\t\t\t\t\n\t\t\t\t\t\t\t\t\t\t\t\t\t\t\t\t\t<\/span>\n\t\t\t\t\t\t\t\n\t\t\t\t\t\t<\/div>\n\t\t\t\t\t\t\n\t\t\t\t\t\t\t\t\t\t\t\t\t<div class=\"wpr-price-list-description\">\u00dcber drei Monate - Preis pro Monat.\nZwei Sitzungen pro Monat 30-60 Minuten pro Sitzung.\nBei Bedarf kurze Beratungen \u00fcber Telefon oder WhatApp<\/div>\n\t\t\t\t\t\t\t\t\t\t\t<\/div>\n\n\t\t\t\t<\/div>\n\n\t\t\t\t\t\t<\/div>\n\t\t\t\t\t\t<\/div>\n\t\t\t\t<\/div>\n\t\t\t\t<\/div>\n\t\t\t\t\t<\/details>\n\t\t\t\t\t<\/div>\n\t\t\t\t\t\t<\/div>\n\t\t\t\t<\/div>\n\t\t\t\t<\/div>\n\t\t\t\t\t<\/div>\n\t\t\t\t<\/div>\n\t\t\t\t<\/div>\n\t\t","protected":false},"excerpt":{"rendered":"<p>Angebote und Preise Biofilmausleitung Darmsanierung Individueller Ern\u00e4hrungsplan Abgestimmter Ern\u00e4hrungsplan auf die individuelle Gesundheit unter Ber\u00fccksichtigung von Vorlieben Systemische Aufstellung Kinesiologie Emotionale Prozessbegleitung Dunkelfeldmikroskopie Erstanamnese und Analyse \u20ac150 60 Min. Therapieplan \u20ac180 Individueller Ern\u00e4hrungsplan, Integrierte orthomolekulare Therapie, Mikron\u00e4hrstoffe Begleitung \u20ac200 \u00dcber drei Monate &#8211; Preis pro Monat. Zwei Sitzungen pro Monat 30-60 Minuten pro Sitzung. Bei Bedarf kurze Beratungen \u00fcber Telefon oder WhatApp Erstanamnese und Analyse \u20ac150 60 Min. Therapieplan \u20ac180 Individueller Ern\u00e4hrungsplan, Integrierte orthomolekulare Therapie, Mikron\u00e4hrstoffe Begleitung \u20ac200 \u00dcber drei Monate &#8211; Preis pro Monat. Zwei Sitzungen pro Monat 30-60 Minuten pro Sitzung. Bei Bedarf kurze Beratungen \u00fcber Telefon oder WhatApp<\/p>\n","protected":false},"author":1,"featured_media":0,"parent":0,"menu_order":0,"comment_status":"closed","ping_status":"closed","template":"elementor_canvas","meta":{"footnotes":""},"class_list":["post-1105","page","type-page","status-publish","hentry"],"yoast_head":"<!-- This site is optimized with the Yoast SEO plugin v26.9 - https:\/\/yoast.com\/product\/yoast-seo-wordpress\/ -->\n<title>Gesundheit - Gesund &amp; \u00c4sthetisch<\/title>\n<meta name=\"description\" content=\"Individuelle Gesundheitsbegleitung in Eitorf \u2013 mit Hom\u00f6opathie, Dunkelfeldmikroskopie und systemischen Aufstellungen zu mehr Balance und innerer St\u00e4rke.\" \/>\n<meta name=\"robots\" content=\"index, follow, max-snippet:-1, max-image-preview:large, max-video-preview:-1\" \/>\n<link rel=\"canonical\" href=\"https:\/\/gesund-aesthetisch.de\/?page_id=1105\" \/>\n<meta property=\"og:locale\" content=\"de_DE\" \/>\n<meta property=\"og:type\" content=\"article\" \/>\n<meta property=\"og:title\" content=\"Gesundheit - Gesund &amp; \u00c4sthetisch\" \/>\n<meta property=\"og:description\" content=\"Individuelle Gesundheitsbegleitung in Eitorf \u2013 mit Hom\u00f6opathie, Dunkelfeldmikroskopie und systemischen Aufstellungen zu mehr Balance und innerer St\u00e4rke.\" \/>\n<meta property=\"og:url\" content=\"https:\/\/gesund-aesthetisch.de\/?page_id=1105\" \/>\n<meta property=\"og:site_name\" content=\"Gesund &amp; \u00c4sthetisch\" \/>\n<meta property=\"article:modified_time\" content=\"2025-09-04T22:46:59+00:00\" \/>\n<meta name=\"twitter:card\" content=\"summary_large_image\" \/>\n<meta name=\"twitter:label1\" content=\"Gesch\u00e4tzte Lesezeit\" \/>\n\t<meta name=\"twitter:data1\" content=\"1\u00a0Minute\" \/>\n<script type=\"application\/ld+json\" class=\"yoast-schema-graph\">{\"@context\":\"https:\/\/schema.org\",\"@graph\":[{\"@type\":\"WebPage\",\"@id\":\"https:\/\/gesund-aesthetisch.de\/?page_id=1105\",\"url\":\"https:\/\/gesund-aesthetisch.de\/?page_id=1105\",\"name\":\"Gesundheit - Gesund &amp; \u00c4sthetisch\",\"isPartOf\":{\"@id\":\"https:\/\/gesund-aesthetisch.de\/#website\"},\"datePublished\":\"2025-04-06T09:29:42+00:00\",\"dateModified\":\"2025-09-04T22:46:59+00:00\",\"description\":\"Individuelle Gesundheitsbegleitung in Eitorf \u2013 mit Hom\u00f6opathie, Dunkelfeldmikroskopie und systemischen Aufstellungen zu mehr Balance und innerer St\u00e4rke.\",\"breadcrumb\":{\"@id\":\"https:\/\/gesund-aesthetisch.de\/?page_id=1105#breadcrumb\"},\"inLanguage\":\"de\",\"potentialAction\":[{\"@type\":\"ReadAction\",\"target\":[\"https:\/\/gesund-aesthetisch.de\/?page_id=1105\"]}]},{\"@type\":\"BreadcrumbList\",\"@id\":\"https:\/\/gesund-aesthetisch.de\/?page_id=1105#breadcrumb\",\"itemListElement\":[{\"@type\":\"ListItem\",\"position\":1,\"name\":\"Startseite\",\"item\":\"https:\/\/gesund-aesthetisch.de\/\"},{\"@type\":\"ListItem\",\"position\":2,\"name\":\"Gesundheit\"}]},{\"@type\":\"WebSite\",\"@id\":\"https:\/\/gesund-aesthetisch.de\/#website\",\"url\":\"https:\/\/gesund-aesthetisch.de\/\",\"name\":\"Gesund & \u00c4sthetisch\",\"description\":\"\",\"publisher\":{\"@id\":\"https:\/\/gesund-aesthetisch.de\/#organization\"},\"potentialAction\":[{\"@type\":\"SearchAction\",\"target\":{\"@type\":\"EntryPoint\",\"urlTemplate\":\"https:\/\/gesund-aesthetisch.de\/?s={search_term_string}\"},\"query-input\":{\"@type\":\"PropertyValueSpecification\",\"valueRequired\":true,\"valueName\":\"search_term_string\"}}],\"inLanguage\":\"de\"},{\"@type\":\"Organization\",\"@id\":\"https:\/\/gesund-aesthetisch.de\/#organization\",\"name\":\"Gesund & \u00c4sthetisch\",\"url\":\"https:\/\/gesund-aesthetisch.de\/\",\"logo\":{\"@type\":\"ImageObject\",\"inLanguage\":\"de\",\"@id\":\"https:\/\/gesund-aesthetisch.de\/#\/schema\/logo\/image\/\",\"url\":\"https:\/\/gesund-aesthetisch.de\/wp-content\/uploads\/2025\/04\/brave_screenshot_gesund-aesthetisch.de_.png\",\"contentUrl\":\"https:\/\/gesund-aesthetisch.de\/wp-content\/uploads\/2025\/04\/brave_screenshot_gesund-aesthetisch.de_.png\",\"width\":299,\"height\":65,\"caption\":\"Gesund & \u00c4sthetisch\"},\"image\":{\"@id\":\"https:\/\/gesund-aesthetisch.de\/#\/schema\/logo\/image\/\"}}]}<\/script>\n<!-- \/ Yoast SEO plugin. -->","yoast_head_json":{"title":"Gesundheit - Gesund &amp; \u00c4sthetisch","description":"Individuelle Gesundheitsbegleitung in Eitorf \u2013 mit Hom\u00f6opathie, Dunkelfeldmikroskopie und systemischen Aufstellungen zu mehr Balance und innerer St\u00e4rke.","robots":{"index":"index","follow":"follow","max-snippet":"max-snippet:-1","max-image-preview":"max-image-preview:large","max-video-preview":"max-video-preview:-1"},"canonical":"https:\/\/gesund-aesthetisch.de\/?page_id=1105","og_locale":"de_DE","og_type":"article","og_title":"Gesundheit - Gesund &amp; \u00c4sthetisch","og_description":"Individuelle Gesundheitsbegleitung in Eitorf \u2013 mit Hom\u00f6opathie, Dunkelfeldmikroskopie und systemischen Aufstellungen zu mehr Balance und innerer St\u00e4rke.","og_url":"https:\/\/gesund-aesthetisch.de\/?page_id=1105","og_site_name":"Gesund &amp; \u00c4sthetisch","article_modified_time":"2025-09-04T22:46:59+00:00","twitter_card":"summary_large_image","twitter_misc":{"Gesch\u00e4tzte Lesezeit":"1\u00a0Minute"},"schema":{"@context":"https:\/\/schema.org","@graph":[{"@type":"WebPage","@id":"https:\/\/gesund-aesthetisch.de\/?page_id=1105","url":"https:\/\/gesund-aesthetisch.de\/?page_id=1105","name":"Gesundheit - Gesund &amp; \u00c4sthetisch","isPartOf":{"@id":"https:\/\/gesund-aesthetisch.de\/#website"},"datePublished":"2025-04-06T09:29:42+00:00","dateModified":"2025-09-04T22:46:59+00:00","description":"Individuelle Gesundheitsbegleitung in Eitorf \u2013 mit Hom\u00f6opathie, Dunkelfeldmikroskopie und systemischen Aufstellungen zu mehr Balance und innerer St\u00e4rke.","breadcrumb":{"@id":"https:\/\/gesund-aesthetisch.de\/?page_id=1105#breadcrumb"},"inLanguage":"de","potentialAction":[{"@type":"ReadAction","target":["https:\/\/gesund-aesthetisch.de\/?page_id=1105"]}]},{"@type":"BreadcrumbList","@id":"https:\/\/gesund-aesthetisch.de\/?page_id=1105#breadcrumb","itemListElement":[{"@type":"ListItem","position":1,"name":"Startseite","item":"https:\/\/gesund-aesthetisch.de\/"},{"@type":"ListItem","position":2,"name":"Gesundheit"}]},{"@type":"WebSite","@id":"https:\/\/gesund-aesthetisch.de\/#website","url":"https:\/\/gesund-aesthetisch.de\/","name":"Gesund & \u00c4sthetisch","description":"","publisher":{"@id":"https:\/\/gesund-aesthetisch.de\/#organization"},"potentialAction":[{"@type":"SearchAction","target":{"@type":"EntryPoint","urlTemplate":"https:\/\/gesund-aesthetisch.de\/?s={search_term_string}"},"query-input":{"@type":"PropertyValueSpecification","valueRequired":true,"valueName":"search_term_string"}}],"inLanguage":"de"},{"@type":"Organization","@id":"https:\/\/gesund-aesthetisch.de\/#organization","name":"Gesund & \u00c4sthetisch","url":"https:\/\/gesund-aesthetisch.de\/","logo":{"@type":"ImageObject","inLanguage":"de","@id":"https:\/\/gesund-aesthetisch.de\/#\/schema\/logo\/image\/","url":"https:\/\/gesund-aesthetisch.de\/wp-content\/uploads\/2025\/04\/brave_screenshot_gesund-aesthetisch.de_.png","contentUrl":"https:\/\/gesund-aesthetisch.de\/wp-content\/uploads\/2025\/04\/brave_screenshot_gesund-aesthetisch.de_.png","width":299,"height":65,"caption":"Gesund & \u00c4sthetisch"},"image":{"@id":"https:\/\/gesund-aesthetisch.de\/#\/schema\/logo\/image\/"}}]}},"_links":{"self":[{"href":"https:\/\/gesund-aesthetisch.de\/index.php?rest_route=\/wp\/v2\/pages\/1105","targetHints":{"allow":["GET"]}}],"collection":[{"href":"https:\/\/gesund-aesthetisch.de\/index.php?rest_route=\/wp\/v2\/pages"}],"about":[{"href":"https:\/\/gesund-aesthetisch.de\/index.php?rest_route=\/wp\/v2\/types\/page"}],"author":[{"embeddable":true,"href":"https:\/\/gesund-aesthetisch.de\/index.php?rest_route=\/wp\/v2\/users\/1"}],"replies":[{"embeddable":true,"href":"https:\/\/gesund-aesthetisch.de\/index.php?rest_route=%2Fwp%2Fv2%2Fcomments&post=1105"}],"version-history":[{"count":40,"href":"https:\/\/gesund-aesthetisch.de\/index.php?rest_route=\/wp\/v2\/pages\/1105\/revisions"}],"predecessor-version":[{"id":1419,"href":"https:\/\/gesund-aesthetisch.de\/index.php?rest_route=\/wp\/v2\/pages\/1105\/revisions\/1419"}],"wp:attachment":[{"href":"https:\/\/gesund-aesthetisch.de\/index.php?rest_route=%2Fwp%2Fv2%2Fmedia&parent=1105"}],"curies":[{"name":"wp","href":"https:\/\/api.w.org\/{rel}","templated":true}]}}